 760. What is the hundreds digit of b?
1
Suppose -4*k + 453 = 129. Suppose -c = -4*c + k. What is the units digit of c?
7
Suppose 4*m = q + m - 52, q + 5*m - 36 = 0. What is the tens digit of q?
4
Let i(q) = -2*q**2 - 4. Let u be i(-4). Let s = -19 - u. What is the units digit of s?
7
Let k = 37 + 225. What is the units digit of k?
2
Let h(w) = -w**3 + w**2 - 34. Let x be h(0). Let m = 59 + x. What is the tens digit of m?
2
Let o(f) = 3*f - 1. Let c be o(1). Let x be (c/4)/(4/16). Suppose -m - 3*v + 5 - 3 = 0, m - x = v. What is the units digit of m?
2
Let j = -8 + 11. Let f be (0 - 6/j)*3. What is the units digit of (-17)/(-2) + f/4?
7
Let o = 615 + -371. What is the units digit of o?
4
Let m(u) = -3 + 7 - 10 - 7*u. What is the units digit of m(-5)?
9
What is the units digit of 3*(-8)/(-9)*3?
8
Suppose -4*o + 3*f + 183 = 0, -5*o + 3*f + 42 = -183. What is the units digit of o?
2
Suppose -3 + 13 = 5*o. What is the units digit of 2/(-4) + 21/o?
0
Suppose 0 = 4*w + 51 - 891. Suppose o - 6*o + w = 0. What is the units digit of o?
2
Let v be ((-3)/5)/((-6)/30). Let g = v + 3. What is the units digit of g?
6
Suppose -7 = -2*n - 2*j + 1, -n + 5*j = -10. What is the units digit of n?
5
Let r(k) = k + 24. What is the tens digit of r(-12)?
1
Let f = -16 - -4. Let y = -23 - f. Let h = y + 16. What is the units digit of h?
5
Suppose -4*y = 5*d - 66 - 118, -4*y + 4 = 0. What is the tens digit of d?
3
Let s = 25 - -81. What is the tens digit of s?
0
Let t = -6 + 13. Suppose 3*i = -t + 22. What is the units digit of i?
5
Suppose -d = 2*d + 21. Let m = -4 - d. What is the units digit of m?
3
Let n(x) = 3*x**2 - 8*x + 11. What is the tens digit of n(8)?
3
Let q(t) = -t**3 + 11*t**2 - 10*t - 2. Let z be q(7). Let l be z/5 + (-7)/(-35). Suppose 0*g + l = 5*g. What is the units digit of g?
5
Let i = -1 + 3. Suppose -i*m + 9 = -23. What is the units digit of m?
6
Let f be (6 + 0)/1 - 2. Suppose 14 = 2*p - 0*p + 2*d, -2*d = -f*p + 28. What is the units digit of p?
7
What is the units digit of (-3)/(-6) - (-45)/2?
3
Suppose 6*k - 4*k = 0. Suppose 2*f + 19 + 5 = k. Let h(g) = g**3 + 11*g**2 - 13*g - 3. What is the units digit of h(f)?
9
Let z(a) = -a**2 + 8*a - 4. Let m(h) = -3*h - 8. Let t be m(-5). What is the units digit of z(t)?
3
What is the units digit of (492/18)/(2/3)?
1
Let o = 14 + -2. What is the units digit of o?
2
Let h(b) = -b**3 - 7*b**2 - 5*b - 2. What is the units digit of h(-7)?
3
What is the units digit of (-146)/(-6) - 20/(-30)?
5
Let j = -17 - -41. What is the tens digit of j?
2
Let p be (2/(-5))/(-1)*15. Let u(x) = x - 7. Let h be u(p). Let c = 2 - h. What is the units digit of c?
3
Suppose -20 = 2*q - 3*q. Suppose k = -4*k + q. Let n = -3 + k. What is the units digit of n?
1
Suppose -5*k - 16 = -1. Let h = -2 - k. Let j = 4 - h. What is the units digit of j?
3
Suppose 0 = 2*a - 4*l + 30, 5*l = -2*a - 2*a - 21. Let t = a + 17. What is the units digit of t?
8
Let g(f) be the third derivative of -f**6/120 + f**5/12 - f**4/24 - f**3/2 + 3*f**2. What is the tens digit of g(3)?
1
Suppose x - i = 8, 2*i = -4*x - 0 + 50. What is the units digit of x?
1
Let m(d) = -7 + 4*d**2 - 4*d - 3*d**2 + 2*d. What is the units digit of m(5)?
8
Let n = -3 - -5. Suppose n*b + 2*p + 3 = -3, -28 = -4*b + 4*p. Suppose -5*q - 3*h + 67 = 0, 0 = -4*q - b*h + 19 + 33. What is the units digit of q?
1
Let c(b) = -3*b - 4. Let d be c(-2). Suppose -d*y - 210 = -7*y. What is the tens digit of y?
4
Let i(m) = 79*m**2 + m + 1. What is the units digit of i(-1)?
9
Suppose -522 = -4*x + 750. What is the tens digit of x?
1
Suppose -2*t - t = -36. Let g = 3 + t. What is the tens digit of g?
1
Let c = 8 - -11. What is the units digit of c?
9
What is the hundreds digit of (-5 - -3) + 1 - -294?
2
Let i = 0 + 8. Suppose 2*u = -2*u + i. What is the units digit of u?
2
Suppose 3*i = 7 + 23. What is the tens digit of i?
1
Let y be ((-3)/(-4))/(1/4). Suppose 0*b - 3*b + 5*f + 24 = 0, 0 = -5*f. Suppose w = b + y. What is the tens digit of w?
1
Let p be (-69)/21 + (-2)/(-7). Let d = p + 27. What is the tens digit of d?
2
Let s(m) = -6*m - 7. Let k be s(-7). Let u = -25 + k. What is the units digit of u?
0
Let z be 50/(-8) - 2/(-8). Let o = z - -11. What is the units digit of o?
5
Let t(m) = 2*m**3 + 1 - 6*m**3 + 3*m**3 + 3*m**2. Let v(a) = -a**2 + 12*a - 32. Let o be v(7). What is the units digit of t(o)?
1
Suppose -47 = -3*m - 0*m - 2*v, -2*m + 34 = 2*v. Suppose 4*o - 71 = m. What is the units digit of o?
1
Suppose 2*m = 4*m - 2*u - 50, 3*m - u = 85. What is the tens digit of m?
3
Let a = -16 - -9. Let b = 20 + a. What is the tens digit of b?
1
Let p(c) = 2*c**2 - 11*c - 3. What is the units digit of p(9)?
0
Suppose 22*u = 18*u + 988. What is the tens digit of u?
4
Let p(h) = h**2 + 6*h - 6. Suppose 27 = -6*d + 3*d. What is the units digit of p(d)?
1
Suppose 0*l = 2*l - 6. Let w = l - 1. Suppose 0 = -w*p - p + 6. What is the units digit of p?
2
Suppose 3*a - 53 = 67. Let r = a + -20. What is the tens digit of r?
2
Let b(f) = 50*f**2 - 2*f - 1. Let j be b(-1). Let l = j + -31. What is the tens digit of l?
2
Suppose b = -2*b + 135. Suppose -b = -5*i + k + 4*k, -35 = -5*i + 3*k. Suppose -4*p + 5*g + 25 + 9 = 0, -i*g = 8. What is the units digit of p?
6
Suppose -5*i + 2*i + 153 = 0. What is the tens digit of i?
5
Suppose -3*m + 5*o = -4*m + 28, 4*o = m + 8. Suppose -4*x + 0*x = -m. What is the units digit of x?
2
Suppose 0 = -l - 2. Let q = 2 + l. Suppose q = 4*h - 33 - 7. What is the units digit of h?
0
Let k = 1 + -1. Suppose -3*s + 3*c + 9 = k, -s + 2*s - 7 = -3*c. Suppose h + s*n = -0*n + 2, 3*h = -3*n + 15. What is the units digit of h?
6
Let a(s) = -4*s - s - 1 + s. What is the units digit of a(-1)?
3
Let g(z) = z**2 + 11*z - 11. Let s be g(-12). Suppose 0 = j - s - 23. What is the tens digit of j?
2
Let r = 37 + -26. Let w = r - 8. Suppose 2 = -n + a + 3, -a - 11 = -w*n. What is the units digit of n?
5
Let u = 340 - 192. Suppose -4*j + b + u = -0*b, -2*j + b + 74 = 0. What is the units digit of j?
7
Let p(i) = i**3 - 19*i**2 + 18*i. Let y be p(18). Suppose -4*a + 0*a + 192 = y. What is the tens digit of a?
4
Suppose -8 = -2*f + 2*r, -5*f + 19 = -3*r - 3. Suppose j = -4*g + 4*j + 56, 56 = 4*g - f*j. What is the units digit of g?
4
Let y be 4*(1 + (-7)/4). Let i(w) = -w**2 - 4*w + 1. Let n be i(y). Suppose -n*a = -32 + 4. What is the units digit of a?
7
Suppose 6*p - 289 = 149. What is the units digit of p?
3
Let x(s) = 13*s - 10. Let u be 2*(-10)/(-12)*3. What is the tens digit of x(u)?
5
Suppose -4 = -0*f - 2*f. Suppose f*z = 7*z - 80. What is the units digit of z?
6
Suppose 5*s = -j + 450 - 75, j = -2*s + 147. What is the units digit of s?
6
Let k(q) = q + 2. Let h be k(-6). Let s = 18 - h. What is the tens digit of s?
2
What is the tens digit of (-9)/6 + 549/18?
2
Let g be ((-6)/8)/((-1)/8). What is the units digit of (-12)/(-9) + 4/g?
2
Let m(l) = -2*l + 165. What is the units digit of m(0)?
5
Let t(x) = -7*x**2 + 22*x + 3. Let l(n) = 10*n**2 - 33*n - 4. Let d(y) = -5*l(y) - 7*t(y). What is the tens digit of d(8)?
2
Let r(u) = u**3 - 3*u**2 - 2*u + 2. Suppose -4*s + 16 = 3*f, -5*s + 16 = -s + 2*f. Let p be r(s). Suppose 0 = -x + 6*x - p. What is the units digit of x?
2
Let d(z) = -z**2 + 6*z + 2. What is the units digit of d(6)?
2
Suppose -2*p + 18 = -5*y, p + 2*y = y + 2. Let s(t) be the first derivative of t**4/4 - t**3 - t**2 - 3*t + 1. What is the units digit of s(p)?
5
Let r(z) = 3*z - 22. What is the units digit of r(12)?
4
Let a(r) = r**3 + 2*r - 2. Let f be a(-3). Let v = -14 - f. What is the units digit of v?
1
Suppose 3 = y - 0. Suppose -101 = -y*n - 2*r, 2*n - 5*r - 55 = 6. What is the tens digit of n?
3
Suppose 0 = 2*u + a + a, -5*u = -4*a. Suppose 5*x - x - 4 = u. Suppose 4*f - x = 3. What is the units digit of f?
1
Suppose 2 + 13 = 5*u. Suppose -58 = -5*x + 2. What is the tens digit of (u/1)/(x/64)?
1
Let j(y) = -3*y - 14. Let s be j(-6). Suppose 181 = s*t + 25. What is the tens digit of t?
3
Suppose -8*n - 30 = -3*n. What is the units digit of 3*4/n + 14?
2
Let g be ((-9)/(-6))/((-3)/6). What is the units digit of -1 - ((-7 - g) + 2)?
1
Let u be (-4 - (1 + -3)) + -1. Let f(a) = a + 7. What is the units digit of f(u)?
4
Suppose 3*k - 44 = -4*b, 0 = -k + 5*b - 0 + 40. L